{"id":5041,"date":"2023-04-22T17:40:59","date_gmt":"2023-04-22T17:40:59","guid":{"rendered":"https:\/\/ledomat.eu\/?post_type=product&#038;p=5041"},"modified":"2023-04-22T17:41:00","modified_gmt":"2023-04-22T17:41:00","slug":"drobilice-za-led","status":"publish","type":"product","link":"https:\/\/ledomat.eu\/index.php\/product\/drobilice-za-led\/","title":{"rendered":"Drobilice za led"},"content":{"rendered":"<p class=\"tekst\">Drobilice za led &#8211; ledomati<\/p>\n<p class=\"tekst\">CRUSHER ili drobilica za led, izvedba C103 i C105, nezaobilazno su sredstvo za rad u pripremi koktela, hladnih napitaka i op\u0107enito u gastronomiji i objektim zajedni\u010dkog naziva HoReCa. Modeli C103 i C105 su proizvod renomiranog Njema\u010dkog proizvo\u0111a\u010da WESSAMAT Eismaschinenfabrik GmbH, \u010diji smo zastupnici.<\/p>\n<p><span class=\"tekst\">Sam proizvod je izveden od nehr\u0111aju\u0107eg \u010delika u cijelosti. Vrlo velika pa\u017eanja se posvetila \u010disto\u0107i i jednostavnosti odr\u017eavanja. Tako\u0111er je dizajnerski tako skrojen, da dimenzijama mo\u017ee vrlo lako stati u bilo koji prostor bara ili restorana. Model C103 ima kapacitet proizvodnje od 3 kg\/ minuti droblejnog leda, dok ve\u0107i model ima kapacitet od 5 kg\/ minuti drobljenog ili mrvljenog leda. Ure\u0111aj, kao \u0161to je ova drobilica za led, u potpunosti se nadopunjuje na ledomate iz na\u0161e linije ledomta za proizvodnju kockastog leda (ice cube) ili kockastog leda sa rupom (finger ice). Ure\u0111aj se isporu\u010duje zajedno sa PEHD posudom za led, od 1 kg i od 5 kg za ve\u0107i model.<\/span><\/p>\n<p class=\"tekst\">\n","protected":false},"excerpt":{"rendered":"<p>Drobilice za led &#8211; ledomati CRUSHER ili drobilica za led, izvedba C103 i C105, nezaobilazno su sredstvo za rad u pripremi koktela, hladnih napitaka i op\u0107enito u gastronomiji i objektim zajedni\u010dkog naziva HoReCa. Modeli C103 i C105 su proizvod renomiranog Njema\u010dkog proizvo\u0111a\u010da WESSAMAT Eismaschinenfabrik GmbH, \u010diji smo zastupnici. Sam proizvod je izveden od nehr\u0111aju\u0107eg \u010delika &hellip;<\/p>\n<p class=\"read-more\"> <a class=\"\" href=\"https:\/\/ledomat.eu\/index.php\/product\/drobilice-za-led\/\"> <span class=\"screen-reader-text\">Drobilice za led<\/span> Read More &raquo;<\/a><\/p>\n","protected":false},"featured_media":5042,"comment_status":"open","ping_status":"closed","template":"","meta":{"site-sidebar-layout":"default","site-content-layout":"default","ast-global-header-display":"","ast-main-header-display":"","ast-hfb-above-header-display":"","ast-hfb-below-header-display":"","ast-hfb-mobile-header-display":"","site-post-title":"","ast-breadcrumbs-content":"","ast-featured-img":"","footer-sml-layout":"","theme-transparent-header-meta":"default","adv-header-id-meta":"","stick-header-meta":"","header-above-stick-meta":"","header-main-stick-meta":"","header-below-stick-meta":""},"product_cat":[64],"product_tag":[],"class_list":{"0":"post-5041","1":"product","2":"type-product","3":"status-publish","4":"has-post-thumbnail","6":"product_cat-drobilice-za-led","7":"desktop-align-left","8":"tablet-align-left","9":"mobile-align-left","11":"first","12":"instock","13":"shipping-taxable","14":"product-type-simple"},"_links":{"self":[{"href":"https:\/\/ledomat.eu\/index.php\/wp-json\/wp\/v2\/product\/5041","targetHints":{"allow":["GET"]}}],"collection":[{"href":"https:\/\/ledomat.eu\/index.php\/wp-json\/wp\/v2\/product"}],"about":[{"href":"https:\/\/ledomat.eu\/index.php\/wp-json\/wp\/v2\/types\/product"}],"replies":[{"embeddable":true,"href":"https:\/\/ledomat.eu\/index.php\/wp-json\/wp\/v2\/comments?post=5041"}],"version-history":[{"count":1,"href":"https:\/\/ledomat.eu\/index.php\/wp-json\/wp\/v2\/product\/5041\/revisions"}],"predecessor-version":[{"id":5043,"href":"https:\/\/ledomat.eu\/index.php\/wp-json\/wp\/v2\/product\/5041\/revisions\/5043"}],"wp:featuredmedia":[{"embeddable":true,"href":"https:\/\/ledomat.eu\/index.php\/wp-json\/wp\/v2\/media\/5042"}],"wp:attachment":[{"href":"https:\/\/ledomat.eu\/index.php\/wp-json\/wp\/v2\/media?parent=5041"}],"wp:term":[{"taxonomy":"product_cat","embeddable":true,"href":"https:\/\/ledomat.eu\/index.php\/wp-json\/wp\/v2\/product_cat?post=5041"},{"taxonomy":"product_tag","embeddable":true,"href":"https:\/\/ledomat.eu\/index.php\/wp-json\/wp\/v2\/product_tag?post=5041"}],"curies":[{"name":"wp","href":"https:\/\/api.w.org\/{rel}","templated":true}]}}