{"id":1479,"date":"2023-03-24T11:42:22","date_gmt":"2023-03-24T11:42:22","guid":{"rendered":"https:\/\/ledomat.eu\/?post_type=product&#038;p=1479"},"modified":"2023-03-24T11:42:22","modified_gmt":"2023-03-24T11:42:22","slug":"c150","status":"publish","type":"product","link":"https:\/\/ledomat.eu\/index.php\/product\/c150\/","title":{"rendered":"C150"},"content":{"rendered":"<div class=\"product-information\">\n<div class=\"product-actions\">\n<div id=\"product-description-short-47\" class=\"product-description-short rte\">\n<p><span>Modularni ledomat Cube &#8211; Sustav &#8216;raspr\u0161iva\u010da&#8217;<\/span><\/p>\n<\/div>\n<\/div>\n<div class=\"blockreassurance_product\"><\/div>\n<\/div>\n<div class=\"more-info\">\n<div id=\"cr_qna\" class=\"cr-qna-block\" data-attributes=\"{&quot;products&quot;:[],&quot;shop&quot;:[]}\">\n\t<h2>Pitanja & Odgovori<\/h2>\n\t<div class=\"cr-qna-search-block\">\n\t\t<div class=\"cr-ajax-qna-search\">\n\t\t\t<svg width='1em' height='1em' viewBox='0 0 16 16' class='cr-qna-search-icon' fill='#18B394' xmlns='http:\/\/www.w3.org\/2000\/svg'>\n\t\t\t\t<path fill-rule='evenodd' d='M10.442 10.442a1 1 0 0 1 1.415 0l3.85 3.85a1 1 0 0 1-1.414 1.415l-3.85-3.85a1 1 0 0 1 0-1.415z'\/><path fill-rule='evenodd' d='M6.5 12a5.5 5.5 0 1 0 0-11 5.5 5.5 0 0 0 0 11zM13 6.5a6.5 6.5 0 1 1-13 0 6.5 6.5 0 0 1 13 0z'\/>\n\t\t\t<\/svg>\n\t\t\t<input name=\"cr_qna_input_text_search\" class=\"cr-input-text\" type=\"text\" placeholder=\"Tra\u017ei odgovore\">\n\t\t\t<span class=\"cr-clear-input\">\n\t\t\t\t<svg width=\"1em\" height=\"1em\" viewBox=\"0 0 16 16\" class=\"bi bi-x-circle-fill\" fill=\"#18B394\" xmlns=\"http:\/\/www.w3.org\/2000\/svg\">\n\t\t\t\t\t<path fill-rule=\"evenodd\" d=\"M16 8A8 8 0 1 1 0 8a8 8 0 0 1 16 0zM5.354 4.646a.5.5 0 1 0-.708.708L7.293 8l-2.647 2.646a.5.5 0 0 0 .708.708L8 8.707l2.646 2.647a.5.5 0 0 0 .708-.708L8.707 8l2.647-2.646a.5.5 0 0 0-.708-.708L8 7.293 5.354 4.646z\"\/>\n\t\t\t\t<\/svg>\n\t\t\t<\/span>\n\t\t<\/div>\n\t\t<button type=\"button\" class=\"cr-qna-ask-button\">Postavi pitanje<\/button>\n\t<\/div>\n\t<div class=\"cr-qna-list-block\">\n\t\t\t\t<div class=\"cr-qna-list-empty\">Jo\u0161 nema pitanja<\/div>\n\t\t\t<\/div>\n\t<div class=\"cr-qna-new-q-overlay\">\n\t\t<div class=\"cr-qna-new-q-form\">\n\t\t\t<button class=\"cr-qna-new-q-form-close\">\n\t\t\t\t<svg xmlns=\"http:\/\/www.w3.org\/2000\/svg\" viewBox=\"0 0 20 20\"><rect x=\"0\" fill=\"none\" width=\"20\" height=\"20\"\/><g><path class=\"cr-no-icon\" d=\"M12.12 10l3.53 3.53-2.12 2.12L10 12.12l-3.54 3.54-2.12-2.12L7.88 10 4.34 6.46l2.12-2.12L10 7.88l3.54-3.53 2.12 2.12z\"\/><\/g><\/svg>\n\t\t\t<\/button>\n\t\t\t<div class=\"cr-qna-new-q-form-input\">\n\t\t\t\t<p class=\"cr-qna-new-q-form-title\">Postavi pitanje<\/p>\n\t\t\t\t<p class=\"cr-qna-new-q-form-text\">Na va\u0161e \u0107e pitanje odgovoriti predstavnik trgovine ili drugi kupci.<\/p>\n\t\t\t\t<textarea name=\"question\" class=\"cr-qna-new-q-form-q\" rows=\"3\" placeholder=\"Ovdje nam postavite svoje pitanje...\"><\/textarea>\n\t\t\t\t<input type=\"text\" name=\"name\" class=\"cr-qna-new-q-form-name\" placeholder=\"Va\u0161e ime\" value=\"\" autocomplete=\"name\">\n\t\t\t\t<input type=\"email\" name=\"email\" class=\"cr-qna-new-q-form-email\" placeholder=\"Va\u0161 email\" value=\"\" autocomplete=\"email\">\n\t\t\t\t<div class=\"cr-qna-new-q-form-s\">\n\t\t\t\t\t\t\t\t\t\t<button type=\"button\" data-nonce=\"02718051ef\" data-product=\"1479\" data-crcptcha=\"\" class=\"cr-qna-new-q-form-s-b\">Po\u0161alji<\/button>\n\t\t\t\t\t<button type=\"button\" class=\"cr-qna-new-q-form-s-b cr-qna-new-q-form-s-p\"><img decoding=\"async\" src=\"https:\/\/ledomat.eu\/wp-content\/plugins\/customer-reviews-woocommerce\/img\/spinner-dots.svg\" alt=\"Loading\" \/><\/button>\n\t\t\t\t<\/div>\n\t\t\t<\/div>\n\t\t\t<div class=\"cr-qna-new-q-form-ok\">\n\t\t\t\t<p class=\"cr-qna-new-q-form-title\">Zahvaljujemo na pitanju!<\/p>\n\t\t\t\t<svg class=\"cr-qna-new-q-form-mail\" width=\"46\" height=\"32\" viewBox=\"0 0 46 32\" fill=\"none\" xmlns=\"http:\/\/www.w3.org\/2000\/svg\">\n\t\t\t\t\t<g class=\"cr-qna-new-q-form-mail-svg\">\n\t\t\t\t\t\t<path d=\"M45.0364 3.55812C45.0364 2.70569 44.1884 2.05668 43.274 2.07433H8.4438C6.87799 2.07433 6.09079 3.67762 7.20545 4.60789L20.0137 15.3003L7.19273 26.2178C6.09629 27.1516 6.88452 28.741 8.4438 28.741H43.2771C44.2403 28.741 45.0336 28.0792 45.036 27.2636C45.036 27.2621 45.0364 27.261 45.0364 27.2595V3.55812ZM41.5179 23.6545L31.7073 15.3003L41.5179 7.1105V23.6545ZM12.7176 5.03729H39.0034L25.8605 16.0089L12.7176 5.03729ZM22.5124 17.3862L24.6218 19.1472C25.3076 19.7196 26.413 19.7196 27.0988 19.1472L29.2082 17.3862L39.0632 25.778H12.6578L22.5124 17.3862Z\" fill=\"#18B394\"\/>\n\t\t\t\t\t\t<path d=\"M3.9868 11.2593H8.4437C9.41542 11.2593 10.203 10.5962 10.203 9.77787C10.203 8.95958 9.41542 8.29639 8.4437 8.29639H3.9868C3.01508 8.29639 2.22754 8.95958 2.22754 9.77787C2.22754 10.5962 3.01543 11.2593 3.9868 11.2593Z\" fill=\"#18B394\"\/>\n\t\t\t\t\t\t<path d=\"M7.97542 15.4075C7.97542 14.5892 7.18788 13.926 6.21616 13.926H1.75926C0.787543 13.926 0 14.5892 0 15.4075C0 16.2258 0.787543 16.889 1.75926 16.889H6.21616C7.18754 16.889 7.97542 16.2258 7.97542 15.4075Z\" fill=\"#18B394\"\/>\n\t\t\t\t\t\t<path d=\"M10.203 21.0371C10.203 20.2189 9.41542 19.5557 8.4437 19.5557H3.9868C3.01508 19.5557 2.22754 20.2189 2.22754 21.0371C2.22754 21.8554 3.01508 22.5186 3.9868 22.5186H8.4437C9.41542 22.5186 10.203 21.8554 10.203 21.0371Z\" fill=\"#18B394\"\/>\n\t\t\t\t\t<\/g>\n\t\t\t\t<\/svg>\n\t\t\t\t<p class=\"cr-qna-new-q-form-text\">Va\u0161e je pitanje primljeno i na njega \u0107emo uskoro odgovoriti. Molimo vas da vi\u0161e ne podnosite isto pitanje.<\/p>\n\t\t\t\t<div class=\"cr-qna-new-q-form-s\">\n\t\t\t\t\t<button type=\"button\" class=\"cr-qna-new-q-form-s-b\">U redu<\/button>\n\t\t\t\t<\/div>\n\t\t\t<\/div>\n\t\t\t<div class=\"cr-qna-new-q-form-error\">\n\t\t\t\t<p class=\"cr-qna-new-q-form-title\">Gre\u0161ka<\/p>\n\t\t\t\t<img decoding=\"async\" class=\"cr-qna-new-q-form-mail\" src=\"https:\/\/ledomat.eu\/wp-content\/plugins\/customer-reviews-woocommerce\/img\/warning.svg\" alt=\"Warning\" height=\"32\" \/>\n\t\t\t\t<p class=\"cr-qna-new-q-form-text\">\n\t\t\t\t\tDo\u0161lo je do gre\u0161ke prilikom spremanja va\u0161eg pitanja. Molimo prijavite ga administratoru web mjesta. Dodatne informacije:\t\t\t\t\t<span class=\"cr-qna-new-q-form-text-additional\"><\/span>\n\t\t\t\t<\/p>\n\t\t\t<\/div>\n\t\t<\/div>\n\t\t<div class=\"cr-qna-new-q-form cr-qna-new-a-form\">\n\t\t\t<button class=\"cr-qna-new-q-form-close\">\n\t\t\t\t<svg xmlns=\"http:\/\/www.w3.org\/2000\/svg\" viewBox=\"0 0 20 20\"><rect x=\"0\" fill=\"none\" width=\"20\" height=\"20\"\/><g><path class=\"cr-no-icon\" d=\"M12.12 10l3.53 3.53-2.12 2.12L10 12.12l-3.54 3.54-2.12-2.12L7.88 10 4.34 6.46l2.12-2.12L10 7.88l3.54-3.53 2.12 2.12z\"\/><\/g><\/svg>\n\t\t\t<\/button>\n\t\t\t<div class=\"cr-qna-new-q-form-input\">\n\t\t\t\t<p class=\"cr-qna-new-q-form-title\">Dodaj odgovor<\/p>\n\t\t\t\t<p class=\"cr-qna-new-q-form-text\"><\/p>\n\t\t\t\t<textarea name=\"question\" class=\"cr-qna-new-q-form-q\" rows=\"3\" placeholder=\"Unesite va\u0161 odgovor\"><\/textarea>\n\t\t\t\t<input type=\"text\" name=\"name\" class=\"cr-qna-new-q-form-name\" placeholder=\"Va\u0161e ime\" value=\"\" autocomplete=\"name\">\n\t\t\t\t<input type=\"email\" name=\"email\" class=\"cr-qna-new-q-form-email\" placeholder=\"Va\u0161 email\" value=\"\" autocomplete=\"email\">\n\t\t\t\t<div class=\"cr-qna-new-q-form-s\">\n\t\t\t\t\t\t\t\t\t\t<button type=\"button\" data-nonce=\"0bb5a873d4\" data-product=\"1479\" data-crcptcha=\"\" class=\"cr-qna-new-q-form-s-b\">Po\u0161alji<\/button>\n\t\t\t\t\t<button type=\"button\" class=\"cr-qna-new-q-form-s-b cr-qna-new-q-form-s-p\"><img decoding=\"async\" src=\"https:\/\/ledomat.eu\/wp-content\/plugins\/customer-reviews-woocommerce\/img\/spinner-dots.svg\" alt=\"Loading\" \/><\/button>\n\t\t\t\t<\/div>\n\t\t\t<\/div>\n\t\t\t<div class=\"cr-qna-new-q-form-ok\">\n\t\t\t\t<p class=\"cr-qna-new-q-form-title\">Hvala vam na odgovoru!<\/p>\n\t\t\t\t<svg class=\"cr-qna-new-q-form-mail\" width=\"46\" height=\"32\" viewBox=\"0 0 46 32\" fill=\"none\" xmlns=\"http:\/\/www.w3.org\/2000\/svg\">\n\t\t\t\t\t<g class=\"cr-qna-new-q-form-mail-svg\">\n\t\t\t\t\t\t<path d=\"M45.0364 3.55812C45.0364 2.70569 44.1884 2.05668 43.274 2.07433H8.4438C6.87799 2.07433 6.09079 3.67762 7.20545 4.60789L20.0137 15.3003L7.19273 26.2178C6.09629 27.1516 6.88452 28.741 8.4438 28.741H43.2771C44.2403 28.741 45.0336 28.0792 45.036 27.2636C45.036 27.2621 45.0364 27.261 45.0364 27.2595V3.55812ZM41.5179 23.6545L31.7073 15.3003L41.5179 7.1105V23.6545ZM12.7176 5.03729H39.0034L25.8605 16.0089L12.7176 5.03729ZM22.5124 17.3862L24.6218 19.1472C25.3076 19.7196 26.413 19.7196 27.0988 19.1472L29.2082 17.3862L39.0632 25.778H12.6578L22.5124 17.3862Z\" fill=\"#18B394\"\/>\n\t\t\t\t\t\t<path d=\"M3.9868 11.2593H8.4437C9.41542 11.2593 10.203 10.5962 10.203 9.77787C10.203 8.95958 9.41542 8.29639 8.4437 8.29639H3.9868C3.01508 8.29639 2.22754 8.95958 2.22754 9.77787C2.22754 10.5962 3.01543 11.2593 3.9868 11.2593Z\" fill=\"#18B394\"\/>\n\t\t\t\t\t\t<path d=\"M7.97542 15.4075C7.97542 14.5892 7.18788 13.926 6.21616 13.926H1.75926C0.787543 13.926 0 14.5892 0 15.4075C0 16.2258 0.787543 16.889 1.75926 16.889H6.21616C7.18754 16.889 7.97542 16.2258 7.97542 15.4075Z\" fill=\"#18B394\"\/>\n\t\t\t\t\t\t<path d=\"M10.203 21.0371C10.203 20.2189 9.41542 19.5557 8.4437 19.5557H3.9868C3.01508 19.5557 2.22754 20.2189 2.22754 21.0371C2.22754 21.8554 3.01508 22.5186 3.9868 22.5186H8.4437C9.41542 22.5186 10.203 21.8554 10.203 21.0371Z\" fill=\"#18B394\"\/>\n\t\t\t\t\t<\/g>\n\t\t\t\t<\/svg>\n\t\t\t\t<p class=\"cr-qna-new-q-form-text\">Va\u0161 je odgovor primljen i uskoro \u0107e biti objavljen. Molimo vas da vi\u0161e ne predajete isti odgovor.<\/p>\n\t\t\t\t<div class=\"cr-qna-new-q-form-s\">\n\t\t\t\t\t<button type=\"button\" class=\"cr-qna-new-q-form-s-b\">U redu<\/button>\n\t\t\t\t<\/div>\n\t\t\t<\/div>\n\t\t\t<div class=\"cr-qna-new-q-form-error\">\n\t\t\t\t<p class=\"cr-qna-new-q-form-title\">Gre\u0161ka<\/p>\n\t\t\t\t<img decoding=\"async\" class=\"cr-qna-new-q-form-mail\" src=\"https:\/\/ledomat.eu\/wp-content\/plugins\/customer-reviews-woocommerce\/img\/warning.svg\" alt=\"Warning\" height=\"32\" \/>\n\t\t\t\t<p class=\"cr-qna-new-q-form-text\">\n\t\t\t\t\tAn error occurred when saving your answer. Please report it to the website administrator. Additional information:\t\t\t\t\t<span class=\"cr-qna-new-q-form-text-additional\"><\/span>\n\t\t\t\t<\/p>\n\t\t\t<\/div>\n\t\t<\/div>\n\t<\/div>\n<\/div>\n\n<table id=\"global_features_wrapper\" class=\"table\">\n<tbody>\n<tr id=\"feature_3\" class=\"features_wrap\">\n<td><span>Izrada za 24h<\/span><\/td>\n<td>\n<ul>\n<li id=\"value_202\"><span>155 kg<\/span><\/li>\n<\/ul>\n<\/td>\n<\/tr>\n<tr id=\"feature_5\" class=\"features_wrap\">\n<td><span>Kondenzacija<\/span><\/td>\n<td>\n<ul>\n<li id=\"value_13\"><span>Zrak<\/span><\/li>\n<li id=\"value_14\"><span>Slap<\/span><\/li>\n<\/ul>\n<\/td>\n<\/tr>\n<tr id=\"feature_6\" class=\"features_wrap\">\n<td><span>Vrsta kocke<\/span><\/td>\n<td>\n<ul>\n<li id=\"value_18\"><span>D &#8211; 13g<\/span><\/li>\n<li id=\"value_5939\"><span>A &#8211; 18g<\/span><\/li>\n<li id=\"value_5940\"><span>C &#8211; 33g<\/span><\/li>\n<li id=\"value_5942\"><span>E &#8211; 42g<\/span><\/li>\n<li id=\"value_5943\"><span>B &#8211; 60g<\/span><\/li>\n<\/ul>\n<\/td>\n<\/tr>\n<tr id=\"feature_7\" class=\"features_wrap\">\n<td><span>Rashladno sredstvo<\/span><\/td>\n<td>\n<ul>\n<li id=\"value_21\"><span>R452A<\/span><\/li>\n<\/ul>\n<\/td>\n<\/tr>\n<tr id=\"feature_9\" class=\"features_wrap\">\n<td><span>Prosje\u010dna apsorbirana snaga<\/span><\/td>\n<td>\n<ul>\n<li id=\"value_114\"><span>1400 W<\/span><\/li>\n<\/ul>\n<\/td>\n<\/tr>\n<tr id=\"feature_10\" class=\"features_wrap\">\n<td><span>Osigura\u010d<\/span><\/td>\n<td>\n<ul>\n<li id=\"value_121\"><span>16 A<\/span><\/li>\n<\/ul>\n<\/td>\n<\/tr>\n<tr id=\"feature_11\" class=\"features_wrap\">\n<td><span>Potro\u0161nja vode<\/span><\/td>\n<td>\n<ul>\n<li id=\"value_17144\"><span>Zrak 2,6 &#8211; Voda 13 l\/kg<\/span><\/li>\n<\/ul>\n<\/td>\n<\/tr>\n<tr id=\"feature_12\" class=\"features_wrap\">\n<td><span>Dimenzije (\u0160xDxV)<\/span><\/td>\n<td>\n<ul>\n<li id=\"value_17145\"><span>862x555x720 mm<\/span><\/li>\n<\/ul>\n<\/td>\n<\/tr>\n<tr id=\"feature_13\" class=\"features_wrap\">\n<td><span>Dimenzije pakiranja (DxDxV)<\/span><\/td>\n<td>\n<ul>\n<li id=\"value_17146\"><span>910x605x955 mm<\/span><\/li>\n<\/ul>\n<\/td>\n<\/tr>\n<tr id=\"feature_15\" class=\"features_wrap\">\n<td><span>Te\u017eina (neto\/bruto)<\/span><\/td>\n<td>\n<ul>\n<li id=\"value_17147\"><span>118 \/ 128 kg<\/span><\/li>\n<\/ul>\n<\/td>\n<\/tr>\n<tr id=\"feature_16\" class=\"features_wrap\">\n<td><span>Zavr\u0161i<\/span><\/td>\n<td>\n<ul>\n<li id=\"value_324\"><span>18\/8 nehr\u0111aju\u0107i \u010delik, scotch brite<\/span><\/li>\n<\/ul>\n<\/td>\n<\/tr>\n<tr id=\"feature_36\" class=\"features_wrap\">\n<td><span>BIN Upotrebljiv<\/span><\/td>\n<td>\n<ul>\n<li id=\"value_8329\"><span>Kanta 240PE<\/span><\/li>\n<li id=\"value_8330\"><span>Spremnici 200<\/span><\/li>\n<li id=\"value_8331\"><span>Spremnici 350<\/span><\/li>\n<\/ul>\n<\/td>\n<\/tr>\n<\/tbody>\n<\/table>\n<\/div>\n","protected":false},"excerpt":{"rendered":"<p>Modularni ledomat Cube &#8211; Sustav &#8216;raspr\u0161iva\u010da&#8217; Izrada za 24h 155 kg Kondenzacija Zrak Slap Vrsta kocke D &#8211; 13g A &#8211; 18g C &#8211; 33g E &#8211; 42g B &#8211; 60g Rashladno sredstvo R452A Prosje\u010dna apsorbirana snaga 1400 W Osigura\u010d 16 A Potro\u0161nja vode Zrak 2,6 &#8211; Voda 13 l\/kg Dimenzije (\u0160xDxV) 862x555x720 mm Dimenzije &hellip;<\/p>\n<p class=\"read-more\"> <a class=\"\" href=\"https:\/\/ledomat.eu\/index.php\/product\/c150\/\"> <span class=\"screen-reader-text\">C150<\/span> Read More &raquo;<\/a><\/p>\n","protected":false},"featured_media":4635,"comment_status":"open","ping_status":"closed","template":"","meta":{"site-sidebar-layout":"default","site-content-layout":"default","ast-global-header-display":"","ast-main-header-display":"","ast-hfb-above-header-display":"","ast-hfb-below-header-display":"","ast-hfb-mobile-header-display":"","site-post-title":"","ast-breadcrumbs-content":"","ast-featured-img":"","footer-sml-layout":"","theme-transparent-header-meta":"","adv-header-id-meta":"","stick-header-meta":"","header-above-stick-meta":"","header-main-stick-meta":"","header-below-stick-meta":""},"product_cat":[55],"product_tag":[],"class_list":{"0":"post-1479","1":"product","2":"type-product","3":"status-publish","4":"has-post-thumbnail","6":"product_cat-kockasti-led","7":"desktop-align-left","8":"tablet-align-left","9":"mobile-align-left","11":"first","12":"instock","13":"shipping-taxable","14":"product-type-simple"},"_links":{"self":[{"href":"https:\/\/ledomat.eu\/index.php\/wp-json\/wp\/v2\/product\/1479","targetHints":{"allow":["GET"]}}],"collection":[{"href":"https:\/\/ledomat.eu\/index.php\/wp-json\/wp\/v2\/product"}],"about":[{"href":"https:\/\/ledomat.eu\/index.php\/wp-json\/wp\/v2\/types\/product"}],"replies":[{"embeddable":true,"href":"https:\/\/ledomat.eu\/index.php\/wp-json\/wp\/v2\/comments?post=1479"}],"version-history":[{"count":1,"href":"https:\/\/ledomat.eu\/index.php\/wp-json\/wp\/v2\/product\/1479\/revisions"}],"predecessor-version":[{"id":4636,"href":"https:\/\/ledomat.eu\/index.php\/wp-json\/wp\/v2\/product\/1479\/revisions\/4636"}],"wp:featuredmedia":[{"embeddable":true,"href":"https:\/\/ledomat.eu\/index.php\/wp-json\/wp\/v2\/media\/4635"}],"wp:attachment":[{"href":"https:\/\/ledomat.eu\/index.php\/wp-json\/wp\/v2\/media?parent=1479"}],"wp:term":[{"taxonomy":"product_cat","embeddable":true,"href":"https:\/\/ledomat.eu\/index.php\/wp-json\/wp\/v2\/product_cat?post=1479"},{"taxonomy":"product_tag","embeddable":true,"href":"https:\/\/ledomat.eu\/index.php\/wp-json\/wp\/v2\/product_tag?post=1479"}],"curies":[{"name":"wp","href":"https:\/\/api.w.org\/{rel}","templated":true}]}}